*b = -4*d + 2*b - 18. Let r be ((-2 - -1)*-14)/d. Determine j(r).
-8
Let t(y) = 4*y + 1. Let s(n) = 2*n**2 + 15*n + 6. Let v(u) = -2*u**2 - 14*u - 5. Let b(l) = -4*s(l) - 5*v(l). Let g be b(-5). Determine t(g).
5
Let j(v) = v**3 + 27*v**2 + 2*v + 55. Let p be j(-27). Let s(i) = -4*i**3 - i**2 - 2*i + 2. Give s(p).
-5
Let h(n) = 3*n**3 + 7*n - 5 - 3*n**3 + 3*n**2 - n**3. Suppose 21 = 4*z - 5*v, 3*z = -4*v + 3*v + 11. Determine h(z).
7
Let s(r) be the third derivative of r**6/120 - r**4/24 + 5*r**3/6 - 56*r**2 - r. Let n be (2/(-5))/(3/(-15)). Suppose 0 = n*a - 4*a. Give s(a).
5
Let f(h) = -h**2 - 5*h + 6. Let p be 266/(-56) - (2 - 7/4). Determine f(p).
6
Let m(p) be the third derivative of -p**8/20160 - p**6/720 + p**5/10 - 2*p**2. Let a(l) be the third derivative of m(l). Suppose 6*u - 13 = -7. Give a(u).
-2
Let r(z) = z**2 - 8*z + 6. Let i be r(8). Let a = i + -6. Suppose 5*n = 5*q + 30, -4*n - 5*q = -a*q - 33. Let g(w) = w - 9. Determine g(n).
-2
Let o(g) = g - 6. Let s(a) = -a**2 - 7*a - 12. Let h(t) = -t**3 + 14*t**2 - 11*t - 30. Let i be h(13). Let b be s(i). Determine o(b).
-6
Let q = 8 + -6. Let l(v) = -3*v**3 + v**2 + 2*v + 1. Let k be l(-1). Let p(n) = n**2 - q*n + k*n + 2*n. Calculate p(-5).
10
Let o(b) be the first derivative of b + 0*b**2 + 9 + 1/3*b**3. What is o(-3)?
10
Let z(t) = 4 + 4 + 330*t + 325*t - 6 - 657*t. Give z(4).
-6
Let v be (47/9)/(-1) - (-102)/459. Let g(z) = z**2 + 7*z + 5. What is g(v)?
-5
Let n = -3 - -16. Suppose -2*b + n = 5. Let w(x) = -5 - b*x - 3*x + 4 - x**2. Calculate w(-6).
5
Let l(a) = -a**2 + 12*a + 11. Let k be 74/6 - (-25)/(-75). Determine l(k).
11
Suppose 3 = n, -2*r - 1 = 2*n - 11. Let j = 1260 + 689. Let p(q) = 5*q + 1949 - j. Determine p(r).
10
Let h(g) = 2*g**2 - 31*g - 9. Let o = 328 - 312. Give h(o).
7
Let m = 38 - 36. Let a(o) = 5*o**2 + 53*o - 54*o - 4 - 5*o**2 + o**m. Calculate a(3).
2
Let t(a) = a**3 - 4*a**2 - a + 4. Let q(n) = -n**2 - n + 1. Let b(y) = 4*y**2 + 17*y - 19. Let r(f) = -b(f) - 5*q(f). Let d be r(11). What is t(d)?
-8
Let v be (-2*(-3 + -2))/1. Suppose -z - 28 = -5*y, 8*z + v = -y + 3*z. Let x(k) = 3*k - 6. What is x(y)?
9
Suppose 4*o + 20 = -2*f, -5*o = -3*o - 4*f. Let m(y) = -4 - 5*y + 2*y + 2*y. Calculate m(o).
0
Suppose -48 + 8 = 8*t. Let k(d) = -d - 3. What is k(t)?
2
Let o(q) = -q**3 + 7*q**2 + 3. Let j be o(7). Let z(f) = -j + 0*f + 11*f**2 + 4*f - 2*f**2 - 8*f**2. Determine z(-4).
-3
Let c(z) be the third derivative of -1/60*z**5 - 1/24*z**4 + 0 - 2*z**2 + 2/3*z**3 + 0*z. Let w(i) = -i**2 - 3*i + 3. Let n be w(-3). What is c(n)?
-8
Let x(u) = -u**3 - 7*u**2 + u + 5. Let k be x(-7). Let p(d) = d**2 + 80*d - 40*d - 37*d - 1. Give p(k).
-3
Let r(i) = -i + 2. Let p be (-2 - 20/(-8))*-34. Let b = 19 + p. Give r(b).
0
Let s(j) = -j**2 - 4*j + 4. Let g = 105 - 99. Suppose 0 = 6*k - 5*k + g. Calculate s(k).
-8
Let b(z) be the second derivative of z**5/40 - 7*z**4/24 + 7*z**3/2 + 33*z. Let v(l) be the second derivative of b(l). Calculate v(6).
11
Let q(t) = -t**3 - 4*t**2 + 4*t + 6. Let f(y) = -y**2 - 12*y - 3. Let v be f(-11). Suppose 4*a + 2*h - 3 - 49 = 0, 18 = a + 3*h. Let l = v - a. What is q(l)?
-10
Let t be 10/(-5) - (-5 + 1). Let h(b) = 2*b - b - b - b. Determine h(t).
-2
Let p(j) be the third derivative of j**5/30 - j**4/24 - 5*j**3/6 - 11*j**2. Calculate p(4).
23
Let f(s) be the second derivative of 0 - 5/12*s**4 - 2/3*s**3 - 9*s - 5/2*s**2 + 1/20*s**5. Suppose -3*i + 15 = -3. Give f(i).
7
Let l(n) = -n**3 + 21*n**2 - 11. Let p be l(21). Let z = -10 - p. Let v(t) = -10*t. Determine v(z).
-10
Suppose 4*y = 68 + 12. Let d = -21 + y. Let k(a) be the third derivative of 3*a**4/8 + a**3/6 - a**2. Determine k(d).
-8
Let y(a) = 3*a**2 + 8*a. Let n = -1297 - -1295. Calculate y(n).
-4
Let u(i) = 1734 - 1738 - i**2 - i - 7*i. Determine u(-5).
11
Let w(h) = h**2 - 3*h - 5. Let z(n) = -16*n - 3. Let s be z(-3). Suppose -x + 0*x + s = 0. Let b be x/6*4/6. Give w(b).
5
Let q(d) = d**2 - 2*d - 1. Let j(f) = 5*f**2 - 9*f - 4. Let b(o) = -2*j(o) + 9*q(o). Let k be -2 - (-1 + 1 + -1). Determine b(k).
-2
Suppose -5*w - 4 = -d - 3, -23 = -3*d - 5*w. Let o be ((-16)/(-6))/(4/d). Let n(t) = t**2 - 2*t. Calculate n(o).
8
Let y(c) be the first derivative of -c**4/24 - c**3/3 + 13*c**2/2 - 8. Let r(d) be the second derivative of y(d). What is r(0)?
-2
Let s(b) be the third derivative of b**4/24 + b**3/3 + 28*b**2. Suppose 3*f = 6 + 3. Suppose f*w - 4*z + 18 = 4*w, 3*w + 26 = 4*z. Calculate s(w).
0
Let q(p) = -7*p**3 - p + p**2 + p**3 + 0*p**3. Suppose 7*y = 4 + 5 - 2. What is q(y)?
-6
Let v(c) = c**2 - c + 5. Let d(b) = -b**2 + b + 5. Let z be d(2). Let a be z - (1 + 0 + -11 + 13). What is v(a)?
5
Let a be ((-3)/9*0)/(-2). Let c(x) be the third derivative of x**6/120 - 4*x**3/3 + 20*x**2. Give c(a).
-8
Let k(a) = a**2 + 19*a**3 + 0*a**2 - 18*a**3. Calculate k(0).
0
Let r(x) = 15*x**2 + 4*x - 7. Let g(k) = 26*k**2 + 8*k - 14. Let o(s) = 4*g(s) - 7*r(s). Determine o(6).
-19
Suppose -2*g - 2*p - 5 + 7 = 0, -7*g - 5*p = -3. Let b(f) = 2*f**3 - f**2 + 1. Give b(g).
-2
Let v(s) = -s - 3 - 7 + 8 + 1. Determine v(3).
-4
Suppose -4*x - 52 = 3*u - 7*u, -u - 7 = x. Let g be 6/10*x/(-2). Let i(b) = -9*b + 7. Let h(o) = -4*o + 3. Let q(f) = 7*h(f) - 3*i(f). What is q(g)?
-3
Let i(p) be the second derivative of -9*p - 3 - 1/2*p**3 - 3*p**2 + 1/12*p**4. Determine i(5).
4
Let f(b) = -b**2 + 10*b - 10. Let y = 333 + -323. Give f(y).
-10
Let g(r) be the third derivative of -1/6*r**3 + 2*r**2 + 0*r + 0*r**5 + 1/12*r**6 - 1/24*r**4 + 40. Determine g(-1).
-10
Let t(d) = -d**3 + 11*d**2 - 20*d + 13. Let v = -428 + 437. What is t(v)?
-5
Let p(n) = -n**2 - 4*n - 2. Let j(i) = i**2 - 19*i + 13. Let q be j(19). Suppose y = -4*y + 3*x - 12, 0 = -3*y - 4*x - q. Give p(y).
1
Let p(v) = v**3 - 3*v**2 + 4*v + 3. Let l(d) = 3*d - 7 + 5*d**3 - 3*d**3 - 2*d**2 + 9. Let z(w) = -3*l(w) + 2*p(w). Suppose 0 = -s + 5*s - 4. Determine z(s).
-5
Let n(u) = -3*u + 1. Let l be n(-1). Suppose 0 = l*k - 4*h - 52, -3*k + 7*h = 2*h - 45. Suppose k*g - 25 = 5*g. Let f(y) = y**3 - 6*y**2 + 2*y + 7. Give f(g).
-8
Suppose b + 3*b = -72. Let x be ((-45)/b)/(-2 + (-6)/(-4)). Let n(t) = -t**2 - 5*t - 2. Determine n(x).
-2
Let p = -20 - -2. Let g be (-3)/p - 3/18. Let t(x) = 0*x - 2 + 0*x + x + g. What is t(2)?
0
Let z(q) = q**3 - 6*q**2 - 3*q + 9. Let s(r) = -36*r**2 - r. Let p be s(-1). Let y = p - -41. Calculate z(y).
-9
Let r(x) be the second derivative of x**3/6 + 11*x**2/2 - x. Suppose 0 = -g - 28 + 19. What is r(g)?
2
Let h(r) = 9*r - 11. Let j be h(1). Let q(f) = 5*f + 4. Let a be q(j). Let x(n) = n**2 + 5*n + 9. What is x(a)?
15
Let w(a) = a**3 + 7*a**2 + 7*a - 7. Let f(c) = -c**2 + 5*c + 19. Let s be f(8). Let x(h) = 3*h**2 + 15*h - 6. Let j be x(s). What is w(j)?
-13
Let c = -38 - -53. Let m(t) = -c*t - 3 - 9*t - 9*t + 34*t. What is m(4)?
1
Let i(g) = -8*g + 8. Let c(d) = -d**2 - 4*d + 46. Let o be c(5). Give i(o).
0
Let k(m) = -m**2 - 5*m - 1. Let u(t) be the third derivative of -1/2*t**4 - 13/6*t**3 - 1/60*t**5 - 8*t**2 + 0*t + 0. Let w be u(-11). Give k(w).
5
Let v(q) = q**2 + 5*q - 3. Let m(k) = -5*k - 4 + 4 + 6 + 7. Let j be m(4). Calculate v(j).
11
Let l(j) = -2*j**2 + 23*j - 22. Let q(n) = -n**2 + n. Let p(r) = l(r) - 3*q(r). Calculate p(-21).
-1
Let o(z) = z**2 - 15*z - 9. Suppose -59*x - 60 = -63*x + 2*u, 0 = -4*u. What is o(x)?
-9
Let o(w) be the first derivative of 2*w**2 - 8*w - 47. Calculate o(4).
8
Let q(l) = 5*l - 3*l + 5 - 4*l. Let b(w) = -w**2 + 25*w + 29. Let n be b(26). Suppose -n*y + 2*y + 6 = 0. Determine q(y).
-7
Let f(d) = d**2 - d + 1. Let k = 161 + -161. Determine f(k).
1
Let o(n) be the second derivative of -n**3/3 + 3*n**2/2 + 13*n. Give o(-5).
13
Suppose -4*f = -6 - 6. Suppose -n + 2*n = -5*w + 12, -f*n + 16 = 5*w. Let t(d) = 4 - d**2 - 2 - 3. Give t(n).
-5
Let g(r) = -1244*r + 615*r + 9*r**2 + 623*r - r**3. Let c be 5 - (1 + -6 - -2). Calculate g(c).
16
Let p(s) be the second derivative of 3*s - 1/30*s**5 - 1/6*s**3 + 1/6*s**4 + 2*s**2 - 1/120*s**6 + 0. Let r(u) be the first derivative of p(u). Give r(-3).
-4
Suppose -4*w + 11 = -25. Suppose -2*y = y - w. Suppose -k - 4 = y. Let u(x) = x + 6. Give u(k).
-1
Let c(a) be the second derivative of -a**7/840 - a**6/120 + a**5/60 - a**4/8 + 4*a**3 - 7*a. Let